alse
Does 11 divide 730455?
True
Does 5 divide 29400?
True
Is 11 a factor of 1528288?
False
Is 149460 a multiple of 282?
True
Is 24 a factor of 79087?
False
Does 52 divide 447564?
True
Is 569056 a multiple of 7?
False
Is 227046 a multiple of 237?
True
Is 2147253 a multiple of 593?
True
Is 6338460 a multiple of 10?
True
Is 1696055 a multiple of 59?
False
Is 4445163 a multiple of 33?
False
Is 110 a factor of 27040?
False
Does 11 divide 557436?
True
Is 1000869 a multiple of 9?
False
Does 12 divide 2749161?
False
Does 32 divide 10425195?
False
Is 140 a factor of 115813?
False
Does 19 divide 274132?
True
Does 26 divide 121893?
False
Does 287 divide 243089?
True
Is 155 a factor of 13131755?
True
Is 205942 a multiple of 2?
True
Does 41 divide 1267206?
False
Is 2797597 a multiple of 197?
True
Is 11 a factor of 1338006?
False
Is 84 a factor of 737275?
False
Is 159 a factor of 60459?
False
Is 7 a factor of 4950128?
False
Is 125 a factor of 391250?
True
Is 83 a factor of 173553?
True
Does 5 divide 7292540?
True
Is 85653 a multiple of 18?
False
Is 36883 a multiple of 11?
True
Does 16 divide 2015396?
False
Does 11 divide 1391654?
True
Is 10 a factor of 1650411?
False
Does 7 divide 775462?
False
Is 32 a factor of 10928032?
True
Does 313 divide 8459966?
False
Is 47 a factor of 112659?
True
Is 173 a factor of 1743423?
False
Is 285012 a multiple of 261?
True
Is 791268 a multiple of 3?
True
Does 2 divide 58000?
True
Is 49 a factor of 129507?
True
Is 11 a factor of 44464?
False
Is 124 a factor of 1871990?
False
Is 522 a factor of 212476?
False
Is 61 a factor of 556602?
False
Is 376200 a multiple of 193?
False
Is 92 a factor of 5108668?
True
Is 4914394 a multiple of 34?
True
Is 98840 a multiple of 56?
True
Does 16 divide 10768?
True
Is 37589 a multiple of 28?
False
Is 252 a factor of 52668?
True
Is 774 a factor of 4180374?
True
Does 285 divide 4800075?
False
Is 106 a factor of 3542202?
True
Does 23 divide 17355?
False
Is 267 a factor of 1116060?
True
Does 6 divide 3040036?
False
Is 32 a factor of 311919?
False
Is 10837203 a multiple of 1494?
False
Does 620 divide 837940?
False
Is 2525605 a multiple of 43?
True
Is 17 a factor of 1068224?
False
Is 1275754 a multiple of 6?
False
Does 13 divide 7085?
True
Is 24303 a multiple of 3?
True
Is 475416 a multiple of 639?
True
Is 30839 a multiple of 15?
False
Is 154 a factor of 6687604?
True
Is 242596 a multiple of 377?
False
Does 190 divide 94810?
True
Does 54 divide 19008?
True
Does 42 divide 17291778?
True
Does 65 divide 187785?
True
Does 194 divide 581418?
True
Does 32 divide 86816?
True
Is 188 a factor of 1464896?
True
Does 14 divide 1604286?
False
Is 435228 a multiple of 12?
True
Does 21 divide 90770?
False
Is 2428384 a multiple of 9?
False
Does 25 divide 3272075?
True
Is 403380 a multiple of 20?
True
Is 22375 a multiple of 18?
False
Is 78 a factor of 18169?
False
Does 6 divide 6892508?
False
Is 1133027 a multiple of 19?
True
Is 13 a factor of 361842?
True
Does 4 divide 5693956?
True
Is 27 a factor of 632988?
True
Does 31 divide 761391?
True
Does 1645 divide 3184534?
False
Does 697 divide 200039?
True
Is 17 a factor of 547587?
True
Is 2902869 a multiple of 17?
True
Is 1046 a multiple of 3?
False
Is 398 a factor of 1255996?
False
Does 6 divide 181038?
True
Is 125 a factor of 3979930?
False
Is 350 a factor of 3299006?
False
Is 1155616 a multiple of 98?
True
Is 22 a factor of 29238?
True
Is 17 a factor of 1513308?
False
Is 799356 a multiple of 174?
True
Is 46550 a multiple of 347?
False
Is 20218571 a multiple of 19?
False
Is 3 a factor of 650893?
False
Is 41 a factor of 505377?
False
Is 261 a factor of 1357200?
True
Is 713310 a multiple of 30?
True
Is 18 a factor of 629370?
True
Is 7 a factor of 169951?
False
Is 5274978 a multiple of 20?
False
Does 73 divide 99008?
False
Is 173466 a multiple of 267?
False
Is 2 a factor of 396618?
True
Is 8698532 a multiple of 38?
False
Does 85 divide 169409?
False
Does 24 divide 348120?
True
Is 39238 a multiple of 23?
True
Is 56 a factor of 2404080?
True
Is 3 a factor of 102526?
False
Is 34 a factor of 113471?
False
Is 2412895 a multiple of 57?
False
Does 2 divide 3456750?
True
Is 17 a factor of 337110?
True
Is 918396 a multiple of 582?
True
Does 31 divide 351969?
False
Is 45404 a multiple of 22?
False
Is 149 a factor of 595893?
False
Does 41 divide 23398236?
False
Is 4 a factor of 696?
True
Is 43 a factor of 45752?
True
Does 4 divide 44940?
True
Is 424880 a multiple of 8?
True
Is 8977770 a multiple of 15?
True
Does 7 divide 507246?
False
Is 685886 a multiple of 241?
True
Is 11 a factor of 33185?
False
Is 26719 a multiple of 77?
True
Is 102 a factor of 1666913?
False
Does 48 divide 2725488?
True
Does 262 divide 960299?
False
Is 79145 a multiple of 264?
False
Is 1748352 a multiple of 157?
True
Is 16562 a multiple of 49?
True
Does 15 divide 335430?
True
Is 70 a factor of 1210490?
False
Does 15 divide 14625?
True
Is 499776 a multiple of 32?
True
Is 118 a factor of 2200346?
True
Does 71 divide 9514?
True
Does 745 divide 5502528?
False
Does 12 divide 25035?
False
Does 277 divide 2694809?
False
Is 133 a factor of 107331?
True
Is 594 a factor of 366582?
False
Does 10 divide 233970?
True
Does 104 divide 848280?
False
Is 14 a factor of 2092823?
False
Is 24 a factor of 401093?
False
Is 78793 a multiple of 377?
True
Is 13 a factor of 317169?
False
Is 72979 a multiple of 167?
True
Is 623700 a multiple of 84?
True
Does 9 divide 67293?
True
Is 196378 even?
True
Is 166190 a multiple of 31?
False
Does 29 divide 897847?
False
Is 149883 a multiple of 26?
False
Is 104084 a multiple of 71?
False
Is 2510790 a multiple of 635?
True
Does 68 divide 93083?
False
Is 3 a factor of 18553?
False
Does 8 divide 232621?
False
Does 18 divide 3962603?
False
Is 4313048 a multiple of 8?
True
Does 137 divide 227694?
True
Is 555 a factor of 2242680?
False
Does 22 divide 318087?
False
Does 88 divide 1050544?
True
Is 50208 a multiple of 8?
True
Is 7163585 a multiple of 40?
False
Does 14 divide 117790?
False
Is 31 a factor of 3009?
False
Does 263 divide 2889662?
False
Is 94049 a multiple of 24?
False
Is 2772896 a multiple of 26?
False
Is 290 a factor of 335820?
True
Is 646 a factor of 2233868?
True
Is 22 a factor of 111393?
False
Is 117 a factor of 126711?
True
Is 42815 a multiple of 8?
False
Does 152 divide 205061?
False
Does 240 divide 202569?
False
Is 70574 a multiple of 7?
True
Is 114 a factor of 8123784?
False
Does 59 divide 243448?
False
Does 18 divide 119417?
False
Does 1255 divide 2290375?
True
Is 118758 a multiple of 9?
False
Is 106 a factor of 9324396?
True
Does 11 divide 79398?
True
Is 32 a factor of 26638?
False
Is 242680 a multiple of 20?
True
Is 52 a factor of 23001?
False
Is 98 a factor of 4896684?
False
Is 30 a factor of 1382820?
True
Is 542833 a multiple of 110?
False
Is 2666894 a multiple of 47?
False
Is 3984 a multiple of 21?
False
Is 79 a factor of 88559?
True
Is 15 a factor of 196991?
False
Does 10 divide 4126078?
False
Is 66 a factor of 121997?
False
Does 8 divide 638283?
False
Does 8 divide 69224?
True
Is 16 a factor of 248080?
True
Is 714630 a multiple of 210?
True
Is 50826 a multiple of 6?
True
Does 24 divide 130368?
True
Does 870 divide 28415940?
True
Is 15509848 a multiple of 34?
True
Is 69 a factor of 2048748?
True
Is 3846169 a multiple of 48?
False
Does 6 divide 22704?
True
Does 3 divide 3840671?
False
Is 19568572 a multiple of 631?
True
Does 10 divide 1049505?
False
Does 228 divide 74100?
True
Does 44 divide 13131347?
False
Is 3196500 a multiple of 60?
True
Is 306 a factor of 395352?
True
Does 91 divide 4269059?
False
Is 386 a factor of 6514286?
False
Is 4398466 a multiple of 35?
False
Is 5 a factor of 29170?
True
Is 1024911 a multiple of 90?
False
Is 480 a multiple of 8?
True
Is 208955 a multiple of 71?
False
Is 192811 a multiple of 47?
False
Is 121 a factor of 116160?
True
Does 401 divide 18117180?
True
Does 63 divide 909972?
True
Does 79 divide 1419630?
True
Is 27 a factor of 1443?
False
Does 172 divide 1018756?
True
Is 25090472 a multiple of 44?
True
Does 4 divide 169574?
False
Is 16484 a multiple of 27?
False
Does 39 divide 26832?
True
Is 379076 a multiple of 291?
False
Is 1845842 a multiple of 5?
False
Is 22096 a multiple of 3?
False
Is 438 a factor of 2461540?
False
Is 33382 a multiple o